0851 prime?
False
Is 8963 prime?
True
Is 33521 a composite number?
False
Is 2174 prime?
False
Is 225409 a prime number?
False
Is 7559 a prime number?
True
Is 65407 prime?
True
Is 443749 prime?
True
Is 25387 a prime number?
False
Is 19 a composite number?
False
Is 72797 prime?
True
Is 62547 prime?
False
Is 736639 composite?
False
Is 81961 composite?
True
Is 17035 a composite number?
True
Is 12655 prime?
False
Is 2435207 a composite number?
True
Is 679477 composite?
True
Is 60793 a composite number?
False
Is 10243 prime?
True
Is 13291 prime?
True
Is 2899 prime?
False
Is 2458 composite?
True
Is 7997 a prime number?
False
Is 40283 composite?
False
Is 400103 a composite number?
True
Is 42163 composite?
True
Is 163619 prime?
False
Is 27563 a composite number?
True
Is 5223 a composite number?
True
Is 3065 prime?
False
Is 43283 prime?
True
Is 490683 a composite number?
True
Is 83437 prime?
True
Is 11617 prime?
True
Is 118843 composite?
False
Is 19385 a prime number?
False
Is 2783717 composite?
False
Is 81071 a composite number?
False
Is 69767 a composite number?
False
Is 37031 prime?
False
Is 134105 composite?
True
Is 113341 a prime number?
True
Is 42031 a prime number?
False
Is 51361 a composite number?
False
Is 10859 a composite number?
False
Is 7933 composite?
False
Is 1367383 a composite number?
False
Is 739883 composite?
True
Is 95 a prime number?
False
Is 235661 prime?
True
Is 46229 composite?
False
Is 17399 a composite number?
True
Is 7645691 composite?
False
Is 3862 a composite number?
True
Is 1116773 a prime number?
False
Is 37819 prime?
False
Is 27397 composite?
False
Is 127583 prime?
True
Is 467 a prime number?
True
Is 598273 a prime number?
False
Is 5433 a prime number?
False
Is 19066 a prime number?
False
Is 203531 composite?
False
Is 123391 prime?
False
Is 2899669 a prime number?
False
Is 835 a prime number?
False
Is 40769 a composite number?
True
Is 20171 a composite number?
True
Is 30239 prime?
False
Is 52123 a prime number?
False
Is 1305769 composite?
True
Is 67679 a prime number?
True
Is 3155 a composite number?
True
Is 193339 prime?
False
Is 7817 a prime number?
True
Is 5791 composite?
False
Is 6689 a composite number?
False
Is 438737 prime?
False
Is 1273 composite?
True
Is 8339 composite?
True
Is 3563 composite?
True
Is 524591 composite?
False
Is 15349 prime?
True
Is 12839 prime?
False
Is 72613 composite?
False
Is 19121 a composite number?
False
Is 127261 a composite number?
False
Is 293021 a composite number?
False
Is 40897 a composite number?
False
Is 13567 prime?
True
Is 7603 prime?
True
Is 407 a composite number?
True
Is 2017 a composite number?
False
Is 129851 a composite number?
True
Is 6898 prime?
False
Is 15683 a composite number?
False
Is 24842 a prime number?
False
Is 6443 a prime number?
False
Is 1801 prime?
True
Is 832537 a composite number?
True
Is 341 a prime number?
False
Is 296653 composite?
True
Is 98663 composite?
False
Is 3293351 a prime number?
True
Is 2719 a composite number?
False
Is 42001 prime?
False
Is 376081 a composite number?
False
Is 22519 a composite number?
True
Is 88079 a composite number?
False
Is 648097 a composite number?
False
Is 3491 a composite number?
False
Is 172181 a prime number?
True
Is 1238857 a composite number?
True
Is 2477 a composite number?
False
Is 68141 composite?
False
Is 1609507 prime?
True
Is 32603 a prime number?
True
Is 29383 prime?
True
Is 1125637 prime?
False
Is 809869 prime?
True
Is 1838327 composite?
False
Is 27397 a composite number?
False
Is 91883 a composite number?
True
Is 1969 a composite number?
True
Is 4957 a prime number?
True
Is 2179 a prime number?
True
Is 56379 a composite number?
True
Is 34123 composite?
False
Is 213986 a prime number?
False
Is 130459 a composite number?
True
Is 204299 composite?
False
Is 76031 a prime number?
True
Is 363961 prime?
False
Is 6623 a prime number?
False
Is 74755 composite?
True
Is 763297 a prime number?
False
Is 621521 a prime number?
True
Is 12959 a composite number?
False
Is 225337 a prime number?
False
Is 454 prime?
False
Is 4547 prime?
True
Is 13441 a prime number?
True
Is 107441 a composite number?
False
Is 32771 a prime number?
True
Is 5147 a composite number?
False
Is 149087 composite?
False
Is 3093 composite?
True
Is 3104747 a prime number?
False
Is 104243 a prime number?
True
Is 3520889 a composite number?
False
Is 20563 a prime number?
True
Is 1835 a composite number?
True
Is 20593 prime?
True
Is 32603 composite?
False
Is 41999 composite?
False
Is 1511 prime?
True
Is 13171 a composite number?
False
Is 8663 a prime number?
True
Is 634301 prime?
True
Is 25367 a prime number?
True
Is 2330563 a prime number?
False
Is 1269683 composite?
False
Is 12311 a prime number?
False
Is 496079 composite?
False
Is 4783 prime?
True
Is 420091 prime?
False
Is 196793 prime?
False
Is 40897 a composite number?
False
Is 913981 a prime number?
True
Is 49093 prime?
False
Is 126683 prime?
True
Is 1086719 prime?
False
Is 117267 prime?
False
Is 510793 prime?
True
Is 9379519 a prime number?
True
Is 54785 a composite number?
True
Is 49222 composite?
True
Is 51449 a composite number?
False
Is 343999 a prime number?
False
Is 25183 prime?
True
Is 14902 prime?
False
Is 10007 a composite number?
False
Is 8843 a composite number?
True
Is 5893 composite?
True
Is 340619 composite?
False
Is 129661 prime?
False
Is 186689 a composite number?
False
Is 2363 a prime number?
False
Is 22597 a composite number?
True
Is 910801 prime?
False
Is 33821 a composite number?
True
Is 206699 a composite number?
False
Is 142429 a prime number?
False
Is 4501 prime?
False
Is 371737 prime?
True
Is 311 prime?
True
Is 21517 a composite number?
False
Is 12007 composite?
False
Is 11474 a composite number?
True
Is 1657 a prime number?
True
Is 40094 a composite number?
True
Is 263 a composite number?
False
Is 60769 composite?
True
Is 8999 prime?
True
Is 117461 a prime number?
False
Is 239831 prime?
True
Is 398771 composite?
False
Is 6593 prime?
False
Is 246203 a prime number?
True
Is 84713 prime?
True
Is 1312951 a prime number?
True
Is 4853 prime?
False
Is 24233 prime?
False
Is 18397 composite?
False
Is 3803 a prime number?
True
Is 389 a prime number?
True
Is 56843 a prime number?
True
Is 158443 a composite number?
False
Is 28901 prime?
True
Is 10927789 prime?
True
Is 5213 a composite number?
True
Is 751 a composite number?
False
Is 61639 a prime number?
False
Is 29789 a prime number?
True
Is 1614147 a prime number?
False
Is 408283 a prime number?
True
Is 943 a composite number?
True
Is 403685 a prime number?
False
Is 629311 a prime number?
True
Is 124387 a composite number?
True
Is 21059 a prime number?
True
Is 126001 a composite number?
False
Is 32629 composite?
True
Is 72866 a composite number?
True
Is 20897 composite?
False
Is 17147 a composite number?
True
Is 28889 a prime number?
False
Is 67159 prime?
False
Is 928949 a composite number?
True
Is 5039 composite?
False
Is 20365 a composite number?
True
Is 66919 prime?
True
Is 46373 prime?
False
Is 5537021 a prime number?
False
Is 26801 prime?
True
Is 6946771 a prime number?
False
Is 163307 a composite number?
False
Is 72763 composite?
False
Is 598781 prime?
False
Is 212665 a prime number?
False
Is 2653 a prime number?
False
Is 144553 prime?
False
Is 48017 composite?
False
Is 116553 composite?
True
Is 102471 prime?
False
Is 118387 prime?
True
Is 353329 composite?
False
Is 11233 a prime number?
False
Is 1085737 composite?
False
Is 5017 composite?
True
Is 4153 a composite number?
False
Is 593999 composite?
True
Is 439219 prime?
False
Is 294713 composite?
True
Is 599909 prime?
False
Is 3013 a composite number?
True
Is 4757 composite?
True
Is 1806099 prime?
False
Is 257245 a composite number?
True
Is 394507 a composite number?
False
Is 239271 a prime number?
False
Is 161201 a prime number?
True
Is 108841 a composite number?
True
Is 505 composite?
True
Is 623734 a composite number?
True
Is 699 a prime number?
False
Is 1182559 prime?
False
Is 183367 a composite number?
True
Is 6029735 prime?
False
Is 3831 a composite number?
True
Is 82163 composite?
False
Is 883171 composite?
True
Is 10705 composite?
True
Is 153766 prime?
False
Is 464351 a prime number?
True
Is 554663 prime?
True
Is 46834 a prime number?
False
Is 223205 a prime number?
